887 + 16701 = 56*k. Calculate the greatest common divisor of k and 4.
4
Let u(d) = -6*d + 30. Let x = -16 + 20. Suppose x*h = -3*h - 70. Let y be u(h). What is the greatest common factor of 10 and y?
10
Let m be 16*((-135)/(-6) + 1). Suppose 2*t - m = -l, -2*l + 266 = -4*t + 1010. Let c = 11845 + -11828. What is the greatest common factor of c and t?
17
Suppose 3*g - 4*w + 11142 = 0, 4*w = -g - 1063 - 2635. Let k be (1/5)/((-14)/g). Suppose -213 = -7*s + k. Calculate the highest common factor of 57 and s.
19
Let t(q) = 8*q - 14. Let r be t(4). Let c be (r/4)/((-21)/(-28)). What is the highest common divisor of c and 3?
3
Let o(f) = 78*f - 894. Let g be o(12). What is the highest common factor of 1722 and g?
42
Suppose 2*i + 57 = -5*k, k - 3*k + 6 = 0. Let g be (4/8)/(1/i). Let l be g/(-36)*114*1. What is the highest common factor of 19 and l?
19
Let a = 28 - 38. Let i = a - -19. Let w(k) = -k**2 + 9*k + 12. Let z be w(i). What is the greatest common divisor of z and 8?
4
Suppose -24*g + 27*g - x - 687 = 0, 4*g + 4*x - 932 = 0. Calculate the highest common divisor of g and 110.
10
Suppose 4178 + 3041 + 581 = 8*l. What is the greatest common divisor of l and 75?
75
Let q(z) = -2*z**2 + 56*z + 2. Let f be q(22). Calculate the greatest common factor of f and 602.
14
Let g(u) = 4*u**3 + 109*u**2 - 30*u - 1504. Let m be g(-27). Suppose -2*r - 3*r = -1925. Calculate the highest common factor of r and m.
35
Let u(g) = -9*g + 52. Let z be u(5). Let l be 22*((-7)/z + 2). What is the greatest common divisor of 33 and l?
11
Suppose 29*k - 15429 = -3713. What is the greatest common factor of 1313 and k?
101
Suppose -13*a + 12*a = 10. Let h be (1 + 62/a)*(27 + -12). Let n be h/12*(-2 + 0). What is the greatest common divisor of 65 and n?
13
Let k be 6/39 + 1396/52. Let t be k + ((-35)/7)/(-5). Suppose -3*q = -2*q + 3*j - 7, j - 21 = -5*q. Calculate the highest common factor of t and q.
4
Suppose 0 = -14*u - 1944 + 8930. Calculate the greatest common divisor of u and 1.
1
Let u(k) = -5*k. Let a be u(-1). Suppose -p + 38 = -8*s + 10*s, -3*s + a*p + 44 = 0. Suppose -4*w + 16 = -0*w. What is the highest common factor of w and s?
2
Let v(o) = o**2 + 62*o + 135. Let s be v(-60). What is the highest common divisor of s and 615?
15
Suppose 4*c - 3*s + s = 72, 4 = 2*s. Suppose 15*g = -16*g - 3224. Let y = g + 256. What is the greatest common factor of c and y?
19
Let f be 1*((-5)/(-20))/(1/(-4)). Let q be -13 - f*3*(-8)/12. Let x = 15 - q. What is the highest common divisor of x and 5?
5
Suppose 0 = 4*t + 4, -4*b + 3*t - 62 = -89. Suppose q = 3*q - 4. What is the greatest common divisor of q and b?
2
Let r = 5166 + -5114. What is the greatest common divisor of 481 and r?
13
Suppose 0 = 4*w - 2187 + 459. Calculate the greatest common factor of w and 234.
18
Let l(r) = r**3 - 10*r**2 + 12*r - 24. Let q be l(10). Let y be 17544/q - (-6)/(-8). Calculate the greatest common factor of y and 14.
14
Let g = 11 + -16. Let u be (3 - g/(-2))/((-1)/(-24)). Let v be u/20 + 291/15. Calculate the highest common factor of 180 and v.
20
Suppose 1 = 2*i - 5. Let b(c) = 2*c**2 - 8*c - 142. Let d be b(0). Let a = d + 157. What is the highest common divisor of a and i?
3
Let g(f) = 277*f**3 - f**2 + 3*f - 2. Let b be g(1). Let i = b - 193. What is the greatest common factor of 224 and i?
28
Let c(k) = -k**3 + 25*k**2 - 46*k + 23. Let s be c(23). What is the highest common factor of 805 and s?
23
Let m(k) = 50*k**2 - k - 76. Let j be m(5). Calculate the greatest common divisor of j and 7.
7
Suppose 3*m = 88 - 61. Let g be (16/10)/(m/45). Calculate the highest common factor of 16 and g.
8
Let t(w) = -w**3 - 63*w**2 - 74*w - 416. Let i be t(-62). What is the highest common divisor of i and 5658?
82
Let y(k) = 80*k + 47*k**2 + 35*k**2 + 29 - 59*k**2 + k**3. Let g be y(-18). What is the greatest common factor of g and 19?
19
Suppose 0*f = 3*w - 2*f + 38, -5*w + 5*f - 65 = 0. Let c be ((-4)/(-6) - 0/w)*24. Calculate the greatest common factor of 128 and c.
16
Let m = -2021 + 2974. Let w = m + -921. What is the highest common factor of 10 and w?
2
Let u(l) = -627*l + 45. Let y be u(-9). Calculate the greatest common factor of 72 and y.
72
Let m be (-1716 - 6)/(-14) - -3. Calculate the greatest common factor of m and 234.
18
Let f be -15 + (24140/20 - -16). What is the greatest common factor of 5738 and f?
302
Let r = -3400 + 3420. What is the highest common factor of 1795 and r?
5
Suppose -5*c + 650 = 155*b - 150*b, 0 = -b + 8. What is the greatest common factor of 2989 and c?
61
Suppose -185*s - 33176 + 67277 + 31944 = 0. What is the greatest common divisor of s and 476?
119
Suppose -1 = i, -4*r = -1278*i + 1281*i - 1401. Let b = 3 + 24. Calculate the greatest common factor of r and b.
27
Let v = -6036 + 6064. Calculate the highest common divisor of v and 12544.
28
Suppose 5*x = 30*x - 13*x - 1536. Suppose -5*s = -l - 155, -2*l = -2*s - l + 59. Calculate the greatest common divisor of s and x.
32
Suppose 4*g - 27 = -7. Suppose -351 = -2*r - g*t, -t + 88 = r - 83. Calculate the highest common factor of r and 42.
42
Let o(q) = 306*q + 796. Let n be o(4). What is the highest common divisor of n and 20?
20
Let v = -57 + 72. Suppose 17*d - 2 = v*d. Let z be 0/(-5 + 2 + d) - -13. What is the greatest common factor of z and 13?
13
Suppose 5*k - 160 = -5*n, -522 = -3*n + k - 414. What is the greatest common factor of n and 18515?
35
Let j = -17120 + 17127. Calculate the greatest common factor of 33047 and j.
7
Suppose 1885 = 45*s - 2840. Calculate the greatest common factor of s and 15.
15
Let c(v) = -v**2 - 111*v - 2446. Let m be c(-77). What is the greatest common factor of m and 11782?
86
Let j = -45 + 16. Let o be j/(-2) - 3/6. Let y = 123368 + -123347. What is the greatest common divisor of y and o?
7
Suppose -37 = -4*w - 5*y, w - 6*y + 22 = -y. Let a(u) = 13 + 3*u - 6*u + 4*u. Let j be a(w). What is the highest common divisor of 48 and j?
16
Let m(p) = 11*p**2 - 13*p - 540. Let o be m(-14). Calculate the greatest common factor of 124 and o.
62
Suppose 0 = -4*u + 16, 0 = -2*r - 3*u + 4*u + 32. Suppose -4*t = -5*w + 6*w + 4, 52 = 4*w - t. Let p = r - w. Calculate the highest common factor of p and 12.
6
Suppose 196*a - 6720 = 159*a - 299*a. What is the highest common factor of 20 and a?
20
Let q = -123343 - -76663. Let u be (-4)/(-28) - q/70. Calculate the highest common factor of 23 and u.
23
Suppose -2*d + 260 = -4*j, 2*d + 3*j - 650 = -3*d. Suppose 37*a + 93 = -129. Let r be (a*5*12/(-18))/2. Calculate the highest common factor of d and r.
10
Let p = 8394 - 7611. What is the highest common factor of p and 29?
29
Let w(n) = 24*n - 50. Let s be w(9). Suppose s = 5*x - 4*q, 7 + 13 = -5*q. What is the highest common factor of 570 and x?
30
Let k be (-7)/(-5) - 226/(-10). Calculate the greatest common divisor of 5808 and k.
24
Suppose 311 = -5*j + 336. Suppose 0 = j*p + 77 - 217. What is the greatest common divisor of p and 12?
4
Let r(q) = -93*q + 6926. Let l be r(-68). Calculate the highest common factor of 1000 and l.
250
Let a be -7 + 1288/126 + 2/(-9). Let w = 27 + -9. Let c be a*20/24*w. Calculate the highest common divisor of c and 5.
5
Let y = -3100 - -3360. Calculate the highest common divisor of y and 10270.
130
Let g be (6 + 120/(-18))/(40/15)*-108. What is the highest common factor of g and 354?
3
Let q(d) = 2*d**2 + 11*d + 14. Let m be q(-6). Suppose -13*j + m*j = 693. Suppose 95*y - j*y = -72. What is the greatest common divisor of 90 and y?
18
Let t(g) = 9*g - 23. Let h be t(3). Suppose h*c - 108 = 24. Calculate the greatest common divisor of c and 11.
11
Let q be (-27 + 74)*(-4 - (-4 - 4)). Calculate the greatest common factor of 6110 and q.
94
Suppose 0 = 21*w + 35 + 28. Let b(c) = -84*c + 4. Let x be b(w). Calculate the highest common divisor of 16 and x.
16
Let i(l) = -110*l + 4. Let u be i(1). Let d = u - -148. What is the highest common divisor of 63 and d?
21
Let a be 4/(-4)*(-7 - (-3 - 0)). Suppose 0 = 3*x + a - 49. Calculate the highest common divisor of x and 105.
15
Let l = -5219 + 5231. Calculate the greatest common factor of 2472 and l.
12
Suppose 4*d + i - 725 = 2163, -5*i + 1480 = 2*d. Calculate the highest common divisor of 656 and d.
16
Let z = 65 - 62. Suppose 